 - (-1 - (-3 - -24 - 6))?
9
-13 - (-11 - (-7 + 18))
9
Evaluate (-1 - (-4 - -10)) + 5.
-2
-2 + 1 - -3 - 5
-3
Evaluate 2 + 2 + 13 + -16.
1
Calculate 0 - (7 + -4) - (6 + -11).
2
What is the value of 30 - 32 - (0 + -1)?
-1
Evaluate 5 + -6 - (-1 - -4).
-4
Calculate -1 - (6 + (-1 - 7)).
1
What is (-4 - -1) + -1 - -2?
-2
What is 1 + 0 + 0 + 1 + -7?
-5
What is 0 + (-3 - (3 + -5))?
-1
-1 + -6 - (-15 - -1 - -2)
5
What is 7 + (-2 - 6) - 4?
-5
0 + (5 - 9) - -10
6
Calculate -5 + (-1 + (-3 - -3) - -1).
-5
Evaluate 10 - (-7 - (3 + -15)).
5
Evaluate (2 - (-2 - -5)) + 3.
2
What is 10 + -3 - -2 - 3?
6
What is -3 + 2 - 12 - (3 + -8)?
-8
Evaluate 6 + (-3 + 0 - 6).
-3
5 - 3 - -6 - 14
-6
What is the value of -2 + 5 + (9 - 15)?
-3
Evaluate (-10 - -6) + (-2 - -8) + -6.
-4
Calculate 15 + -19 + (1 - 2).
-5
Evaluate 3 + 0 - (13 + -7).
-3
Evaluate -1 + (2 - -1) + 1 + 2.
5
9 + 4 - (-1 + 9)
5
Calculate 14 - (-9 + (12 - -4)).
7
What is the value of 1 - (-5 + 0 + 4 - 1)?
3
What is (7 - 4) + -1 - -3?
5
(-1 - -1) + -39 + 42
3
2 - (0 - (5 + -14))
-7
Evaluate -4 + 6 + 6 + -7.
1
Calculate 5 - 2 - (-4 + 5 - -4).
-2
What is -7 + 9 + 7 + 0?
9
What is -4 + 5 + (2 - 8)?
-5
Calculate 1 - -4 - (-24 - -23).
6
What is the value of -2 + 6 - (-34 - -32)?
6
What is 6 + (-8 - -6) + 1 + -3?
2
Evaluate 0 - (-9 + 0 + 5).
4
What is the value of -5 - -7 - (-4 + 3)?
3
9 + -2 + 8 - 10
5
What is the value of 10 + (-11 - -3) + 4?
6
Evaluate -18 - -14 - (-11 - (3 + -1)).
9
What is -1 - -5 - (-20 - -26)?
-2
-11 + (2 + 5 + -9 - -5)
-8
What is -12 + 6 + 4 + 0?
-2
What is 7 - (-12 + 12 + (1 - -1))?
5
What is -3 + -6 + -1 + 12 + -7?
-5
Calculate -1 + -1 + 4 + -1.
1
Evaluate (6 - 0) + -7 + 0.
-1
What is the value of (-7 - -5) + 1 + 2 - 2?
-1
Evaluate 1 - (11 - (5 - 4)).
-9
What is 0 + 3 - (-1 + 0)?
4
What is 3 - 3 - (-4 + 4)?
0
5 + 0 + (-27 - -25)
3
What is the value of 0 + 1 + -1 + -27 + 30?
3
Evaluate 0 + 2 + (-37 - -41).
6
What is (0 - 1) + 7 + -4?
2
Calculate (8 - (9 + 0)) + (0 - 0).
-1
What is the value of (3 - 7) + 3 + 0 + -3?
-4
Calculate -2 - (-2 + 2 + -5) - 0.
3
Calculate 0 + (-6 + 1 - -3).
-2
Evaluate (8 - 1) + -2 - (-17 - -15).
7
Evaluate -1 - (0 + -5) - (0 + 2).
2
-6 - -6 - -9 - 4
5
-1 + -3 + (1 - 5 - -4)
-4
What is the value of (7 - 0) + (-10 - -10) + -5?
2
-3 - -11 - (-3 + -2 - -7)
6
What is the value of -9 + 4 + 10 - 6?
-1
What is 3 + 2 + -5 + 6 - 1?
5
What is 11 + -11 - (-1 + 3 + 6)?
-8
-9 + -3 - (-5 + 5 + -5)
-7
Evaluate (2 - 5) + (-7 - (-16 + 9)).
-3
Calculate -3 + (-6 - -11 - (3 - 2)).
1
What is the value of (9 - 8) + (0 - (4 - 2))?
-1
(-9 - (-6 - 1)) + 9
7
Calculate 3 - (-16 - -9) - 16.
-6
What is 27 + -29 + (4 - -1)?
3
What is (9 - 20) + (-2 - -6) + 5?
-2
3 + (-1 - 0) + 3 + -1
4
What is -12 - -7 - 2 - -13?
6
What is -2 + 4 - (-5 + -2 + 13)?
-4
Evaluate 0 - (-4 - -7 - (-2 + 1)).
-4
-10 + 5 + -6 - -5 - -4
-2
What is the value of 11 - 1 - (-96 - -99)?
7
-1 + 2 + 1 - 0
2
-6 + 4 + 3 + 2
3
What is the value of 1 + 1 - 5 - -5?
2
What is the value of -1 + (-9 - -1) + 2 + 9?
2
Evaluate -8 + 9 + 5 + -7.
-1
What is the value of -9 + 5 - 2 - -6?
0
Evaluate -8 + (-2 + 6 - -1).
-3
61 + -61 + (1 - 1 - 6)
-6
Calculate -7 + 0 - ((13 - 14) + -5).
-1
Evaluate (-3 + 2 - -1) + -1 + 1.
0
What is the value of -2 - (2 + -5) - (1 - -1)?
-1
What is the value of 1 + (5 - 9 - -4)?
1
Calculate 5 + (10 + -7 - 4 - -5).
9
Calculate -6 + (2 - 4) + (9 - 7).
-6
What is the value of (-3 - -1) + -55 + 66?
9
(-4 - (-8 + 6)) + -3 + 1
-4
Calculate (2 - 1 - -1) + 3 + -1.
4
What is 2 + (-3 - (-2 + 2))?
-1
3 - (5 - (4 + -5))
-3
Calculate (1 - -5) + (3 - (4 + 10)).
-5
-133 + 139 - (1 + (-1 - 1))
7
(-10 - -2 - -19) + -4
7
What is the value of 1 + -3 + -6 + (0 - -2)?
-6
Evaluate (4 - 7 - (7 - 10)) + 0.
0
(-2 - -1 - 0) + 5 - 3
1
-2 - -5 - (16 + -11)
-2
Calculate -9 + 0 + 1 - (-185 + 181).
-4
3 + (-3 - (-1 + 3))
-2
(1 + 4 - 2 - 11) + 2
-6
What is (-3 - (5 - 3)) + 2?
-3
Evaluate 6 - 1 - 5 - (-1 + -3).
4
Calculate 7 - (-4 - -8 - 2).
5
Evaluate (14 - 3) + 1 + -8.
4
8 + (-7 + 13 - 5)
9
What is the value of -3 + (0 - 1) - (4 + -3)?
-5
What is -11 + -13 + 20 + (6 - 1)?
1
Evaluate 23 + -27 - (-5 + -2).
3
What is the value of -2 - (-4 - (-6 - 2))?
-6
What is the value of 4 + 0 + 3 + -23 + 15?
-1
What is -5 - 4 - -2 - -4?
-3
Evaluate 4 - (6 - (0 + 2)).
0
What is the value of 6 - (4 - (1 + 1))?
4
What is the value of 14 + -14 - (3 + -6 + 1)?
2
What is the value of -12 + 1 + 8 - (0 - -4)?
-7
-3 + 6 + -3 + 0 + 1
1
What is the value of 5 + -1 + -5 + -15 + 16?
0
Evaluate 17 + (-1 - 0) + -80 + 73.
9
What is 0 + (2 + -4 - 3)?
-5
Calculate (5 - 4) + 7 - 10.
-2
Calculate -4 + (0 - -10) + -2 + -2.
2
What is the value of (-2 - -1) + 2 - (39 + -33)?
-5
What is the value of -6 - (0 + (-4 - -1))?
-3
What is 3 + 3 + -1 + 5 + -8?
2
Evaluate (-5 - 0 - -7) + -6 - -2.
-2
What is 3 + (4 + -7 - 5)?
-5
-3 - (10 + -10 - (-4 - -1))
-6
What is 5 - ((0 - -3) + -2 + 3)?
1
Evaluate 6 + -1 + 8 - 8.
5
Evaluate (-4 - 1) + 1 + 6.
2
What is the value of -1 + (6 - 1) + -3?
1
What is 0 - (0 + 0 - -4)?
-4
Calculate 4 - ((-4 - -8) + -3).
3
What is (2 - (7 - 6)) + 1 + 1?
3
Evaluate 6 + -2 + (0 - 0) + -1.
3
What is the value of -3 + (0 - 0 - 0)?
-3
0 + 6 - (36 + -34)
4
Calculate (1 - 5) + (-4 - 0 - -10).
2
Evaluate -8 - (10 + 4 + -15).
-7
Calculate 1 + 0 - (7 + -2 - 1).
-3
What is the value of -9 - (6 + (-21 - -8))?
-2
Evaluate -6 - -16 - 4 - 5.
1
3 + (-1 + 5 + -1 - 2)
4
Calculate (-290 - -275) + (0 - -19).
4
Evaluate -1 - (1 - (0 - (5 - 9))).
2
What is -3 + (4 - (4 - (8 + -5)))?
0
What is the value of -1 + 4 + 6 + -5?
4
Calculate 4 + (2 + -2 - 1) + -3.
0
Calculate (6 - 10 - -2) + 0 + 6.
4
What is the value of 1 - (-1 - -6 - (0 - -1))?
-3
-2 - 2 - (-2 + 0)
-2
Evaluate -12 - 1 - -12 - 1.
-2
2 + -8 - (-9 + 20 + -11)
-6
What is the value of -2 + (-2 + -3 - (-2 + -10))?
5
What is the value of -2 + (-2 - -8) + -6?
-2
4 + 0 + -3 - 3
-2
-4 - (1 + -5 + 4 + -6)
2
Calculate -5 + -5 + 10 + 8 + -11.
-3
Calculate -8 + 5 + -2 - 0 - -4.
-1
2 - (3 + 0 + -2)
1
1 + -6 - (-9 - 1)
5
Evaluate 0 + 2 - ((6 - 2) + -2).
0
(1 + -3 - 1) + 5 + 1
3
Evaluate -2 + 8 + -9 + 2.
-1
What is the value of 1 + -6 - (2 + 1 + -8)?
0
Evaluate (-3 - -6) + (-1 - 8) + 8.
2
Calculate -2 + (7 - (2 + 1 + 5)).
-3
What is the value of 7 + (-4 + 2 - 4 - 3)?
-2
What is (-1 - (-4 - -2)) + 1?
2
What is the value of -2 - (-8 - (6 - 11)) - 4?
-3
Evaluate 8 - (-2 + -3 + 13).
0
What is -11 + 10 + -6 + 2?
-5
Calculate 14 - (-1 + -8 + 18).
5
Evaluate (-5 - (3 + -5 - 0)) + -2.
-5
Calculate 5 - (2 - ((-8 - -5) + -2)).
-2
What is 3 + 5 + -6 + -4?
-2
Calculate (4 - 2) + 8 + -9.
1
Calculate 3 + -3 - (-4 + (-1 - -2)).
3
-6 - (-3 - -5) - (-5 - -2)
-5
Calculate -4 - (-4 + 7 + -2).
-5
1 + 4 - ((48 - 19) + -19)
-5
Evaluate 8 + -11 - -6 - (5 + -1).
-1
6 + (0 - (-3 + 2)) + -3
4
What is the value of 0 - -2 - (-2 + 0 - -5)?
-1
What is -6 - 1 - (-5 + 8 - 6)?
-4
Evaluate (1 - 8) + 6 + 0.
-1
Evaluate 4 + 1 + -17 + 10.
-2
What is 7 + (-8 + 2 - 8)?
-7
What is -4 + (-5 - -10) + 0?
1
(0 - -1) + (0 - 1)
0
Calculate -4 - (-4 - (-2 - 1)).
-3
What is 1 + (-3 - 3) + 1?
-4
What is -4 + 2 + -9 + 10?
-1
What is the value of 5 - (-4 + 9 + -5)?
5
What is the value of 2 + 1 + 0 + -2 + 2?
3
Calculate -2 + 0 + (9 - 11).
-4
What is the value of 1 + -5 + 3 - (2 + -4)?
1
What is (-2 - (-5 + 2)) + -1 + 1?
1
Calculate -11 - -7 - -18 - 8.
6
What is 9 + 12 + -12 - 2?
7
What is -64 + 52 + (22 - 1)?
9
Evaluate 15 + -11 + (1 - 13) + -1.
-9
What is the value of -3 + 10 + -4 + 2?
5
What is the value of (-12 - (-10 - -1)) + -1?
-4
What is the value of -1 + 1 - (-8 - (-1 + 0))?
7
-10 + (-2 + 11 - 1)
-2
Evaluate (2 - 0 - 7) + 8.
3
Calculate 0 - 6 - (4 - (5 - -3)).
-2
What is -4 - -7 - 2 - -2 - 6?
-3
What is (-3 + 4 - -1) + (-3 - 3)?
-4
-4 - -2 - -3 - 2
-1
Evaluate (-9 - -12) + (2 - 0).
5
Evaluate (-6 - (-5 - (12 - 6))) + -3.
2
What is (-4 - -1 - (1 - 1)) + 8?
5
-63 - -59 - (6 - 1)
-9
What is -4 + 3 + (2 - -2)?
3
Calculate 4 + -3 + 1 - (1 - 1).
2
What is the value of 6 + 1 - (0 + 4 - 2)?
5
What is 6 - (12 + -10 + (-1 - 0))?
5
Calculate -3 + -2 + 14 + -5.
4
-4 + 0 - (-4 - 5 - 0)
5
Calculate (9 + 3 + -10 - -5) + -4.
3
Evaluate 6 + (-3 - (-2 - 2)) - 4.
3
Calculate -1 - (-2 + (-6 - -5) - 3).
5
-4 + 2 + -9 + 8
-3
4 - (3 + 1 + 3)
-3
What is the value of 0 + -9 + (2 - -3)?
-4
-5 + -3 + (8 -